it of 2112760?
2
What is the ten thousands digit of 2063917?
6
What is the units digit of 13753435?
5
What is the thousands digit of 1326028?
6
What is the units digit of 677971?
1
What is the hundred thousands digit of 568637?
5
What is the hundreds digit of 2731?
7
What is the hundreds digit of 485984?
9
What is the thousands digit of 1084241?
4
What is the ten thousands digit of 457512?
5
What is the units digit of 712557?
7
What is the hundreds digit of 387163?
1
What is the ten thousands digit of 5065192?
6
What is the millions digit of 1404018?
1
What is the hundred thousands digit of 155936?
1
What is the ten thousands digit of 625820?
2
What is the ten thousands digit of 6667167?
6
What is the units digit of 266782?
2
What is the units digit of 4197776?
6
What is the hundred thousands digit of 8774500?
7
What is the ten thousands digit of 64713?
6
What is the hundreds digit of 285783?
7
What is the hundreds digit of 141512?
5
What is the thousands digit of 275523?
5
What is the tens digit of 1557106?
0
What is the hundred thousands digit of 653064?
6
What is the thousands digit of 1229181?
9
What is the hundreds digit of 1944272?
2
What is the tens digit of 26812729?
2
What is the hundreds digit of 1236687?
6
What is the units digit of 4867338?
8
What is the units digit of 5578734?
4
What is the hundred thousands digit of 441646?
4
What is the hundred thousands digit of 7916646?
9
What is the ten thousands digit of 142097?
4
What is the ten thousands digit of 221886?
2
What is the thousands digit of 1983491?
3
What is the millions digit of 20070743?
0
What is the hundreds digit of 1439306?
3
What is the ten millions digit of 12244045?
1
What is the units digit of 2414030?
0
What is the units digit of 7979511?
1
What is the tens digit of 12294?
9
What is the thousands digit of 392860?
2
What is the hundreds digit of 3692845?
8
What is the units digit of 468728?
8
What is the millions digit of 4844439?
4
What is the tens digit of 2084422?
2
What is the hundred thousands digit of 220648?
2
What is the thousands digit of 8049?
8
What is the hundred thousands digit of 2059405?
0
What is the units digit of 1005079?
9
What is the thousands digit of 529338?
9
What is the hundred thousands digit of 234999?
2
What is the thousands digit of 3401124?
1
What is the ten thousands digit of 1031183?
3
What is the tens digit of 372902?
0
What is the tens digit of 23900360?
6
What is the units digit of 199616?
6
What is the hundreds digit of 16741?
7
What is the units digit of 670397?
7
What is the hundreds digit of 503215?
2
What is the hundred thousands digit of 12937032?
9
What is the hundreds digit of 1529356?
3
What is the tens digit of 351433?
3
What is the ten thousands digit of 17791177?
9
What is the hundred thousands digit of 7250705?
2
What is the hundreds digit of 59239?
2
What is the ten millions digit of 12110507?
1
What is the tens digit of 35125?
2
What is the thousands digit of 21161699?
1
What is the thousands digit of 215709?
5
What is the hundred thousands digit of 18794851?
7
What is the tens digit of 2780525?
2
What is the millions digit of 2330875?
2
What is the hundred thousands digit of 729167?
7
What is the hundreds digit of 32337?
3
What is the ten thousands digit of 1930773?
3
What is the units digit of 255954?
4
What is the millions digit of 3958133?
3
What is the hundreds digit of 589117?
1
What is the hundred thousands digit of 2482507?
4
What is the thousands digit of 3694754?
4
What is the hundred thousands digit of 4702476?
7
What is the thousands digit of 143669?
3
What is the units digit of 822149?
9
What is the hundred thousands digit of 2790414?
7
What is the hundreds digit of 18971080?
0
What is the units digit of 2051628?
8
What is the hundreds digit of 1993019?
0
What is the thousands digit of 187890?
7
What is the hundreds digit of 4452557?
5
What is the units digit of 1162366?
6
What is the ten thousands digit of 501588?
0
What is the hundreds digit of 24040302?
3
What is the tens digit of 1163546?
4
What is the thousands digit of 7021?
7
What is the tens digit of 3014571?
7
What is the hundreds digit of 895464?
4
What is the hundred thousands digit of 134809?
1
What is the thousands digit of 914273?
4
What is the hundreds digit of 254913?
9
What is the units digit of 5114978?
8
What is the thousands digit of 2764323?
4
What is the hundreds digit of 13355759?
7
What is the tens digit of 376560?
6
What is the millions digit of 7752444?
7
What is the millions digit of 2570174?
2
What is the hundreds digit of 17460790?
7
What is the ten thousands digit of 204682?
0
What is the units digit of 368022?
2
What is the hundreds digit of 300965?
9
What is the thousands digit of 661084?
1
What is the hundreds digit of 72729?
7
What is the tens digit of 357507?
0
What is the hundred thousands digit of 202379?
2
What is the ten thousands digit of 13646?
1
What is the ten thousands digit of 36882832?
8
What is the hundred thousands digit of 182633?
1
What is the tens digit of 1025509?
0
What is the thousands digit of 1883022?
3
What is the thousands digit of 3646894?
6
What is the ten millions digit of 18334283?
1
What is the millions digit of 2068148?
2
What is the hundreds digit of 6334674?
6
What is the hundreds digit of 661526?
5
What is the hundreds digit of 2482193?
1
What is the thousands digit of 6125227?
5
What is the tens digit of 24679303?
0
What is the hundred thousands digit of 471116?
4
What is the units digit of 2939508?
8
What is the ten thousands digit of 370416?
7
What is the ten thousands digit of 347252?
4
What is the units digit of 1636040?
0
What is the hundreds digit of 455747?
7
What is the tens digit of 3894?
9
What is the hundreds digit of 211464?
4
What is the thousands digit of 2236383?
6
What is the units digit of 424621?
1
What is the thousands digit of 2570620?
0
What is the hundreds digit of 15043451?
4
What is the tens digit of 138595?
9
What is the ten thousands digit of 190020?
9
What is the hundred thousands digit of 4964940?
9
What is the hundred thousands digit of 549617?
5
What is the tens digit of 278403?
0
What is the hundred thousands digit of 2044401?
0
What is the units digit of 2555637?
7
What is the tens digit of 95503?
0
What is the units digit of 144439?
9
What is the hundreds digit of 1812952?
9
What is the units digit of 11?
1
What is the millions digit of 1010648?
1
What is the ten thousands digit of 4212700?
1
What is the tens digit of 2300716?
1
What is the tens digit of 9528131?
3
What is the ten thousands digit of 1045441?
4
What is the hundreds digit of 10373810?
8
What is the thousands digit of 884193?
4
What is the hundred thousands digit of 154368?
1
What is the units digit of 618689?
9
What is the hundred thousands digit of 9891544?
8
What is the hundreds digit of 764321?
3
What is the hundreds digit of 208472?
4
What is the thousands digit of 19776162?
6
What is the millions digit of 1344201?
1
What is the ten thousands digit of 1885445?
8
What is the tens digit of 3766596?
9
What is the millions digit of 6345007?
6
What is the thousands digit of 2586470?
6
What is the units digit of 4731917?
7
What is the thousands digit of 6831253?
1
What is the hundreds digit of 1376309?
3
What is the hundreds digit of 1687057?
0
What is the units digit of 863477?
7
What is the units digit of 2344445?
5
What is the units digit of 472750?
0
What is the thousands digit of 147031?
7
What is the hundreds digit of 666827?
8
What is the ten millions digit of 16473618?
1
What is the hundred thousands digit of 527260?
5
What is the units digit of 4123644?
4
What is the units digit of 3604534?
4
What is the thousands digit of 3912571?
2
What is the tens digit of 140603?
0
What is the hundred thousands digit of 1249111?
2
What is the tens digit of 439709?
0
What is the hundreds digit of 1694638?
6
What is the tens digit of 12787906?
0
What is the thousands digit of 3232095?
2
What is the tens digit of 14019440?
4
What is the hundreds digit of 413135?
1
What is the thousands digit of 70340?
0
What is the ten thousands digit of 68056?
6
What is the millions digit of 4236066?
4
What is the thousands digit of 11651?
1
What is the hundreds digit of 31606147?
1
What is the hundred thousand